n 12 is divided by w?
5
What is the remainder when (-7 + 3 + -130)/(-2) is divided by 10?
7
Let q(x) = 2*x**3 - 3*x + 1. Suppose -4*n + 7 = -1. What is the remainder when 31 is divided by q(n)?
9
Let j(m) = m**3 - 8*m**2 + 8*m - 3. Let f be j(7). Suppose -46 = -3*k - 5*y, 2*y = -k - y + 22. Calculate the remainder when k is divided by (1 - 7)*(-2)/f.
1
Let m(a) = a**2 - a. Let d be m(3). Let g(o) = -o**3 + 7*o**2 + o - 6. What is the remainder when g(d) is divided by 19?
17
Let c(u) = 3*u. Let y be c(1). Suppose 10 = 2*w + y*w. Suppose -4*z = -w*z - 64. What is the remainder when z is divided by 17?
15
Let r = -26 + 32. Calculate the remainder when 16 is divided by r.
4
Suppose 0*h = -3*h + 21. Suppose h = -3*n + 4*n. Calculate the remainder when n is divided by 3.
1
Suppose -7*p + 19 + 93 = 0. Calculate the remainder when 40 is divided by p.
8
Suppose 0 = 3*f + f - 12. Suppose -105 = -f*p + 69. Suppose -u = u - p. What is the remainder when u is divided by 15?
14
Let b be 6/(-6) + 3*3. What is the remainder when ((-4)/6)/(b/(-156)) is divided by 5?
3
Let n(l) = l**3 + l**2 + 12. Let b(i) = i**3 - 5*i**2 + 5*i - 2. Calculate the remainder when b(5) is divided by n(0).
11
Let d(z) = -z**3 - z**2 + z + 146. Let h be d(0). Suppose 2*o + h = 5*q, 4*q - 4*o = 68 + 56. What is the remainder when q is divided by 10?
8
Let w = 20 - 11. Suppose 4*h - 9*h - 10 = 0. What is the remainder when (5/h)/((-2)/12) is divided by w?
6
Let u = 0 + 17. What is the remainder when 82 is divided by u?
14
Let h = -64 + 100. What is the remainder when h is divided by 13?
10
Suppose -n = -1 + 4. Let w(k) be the first derivative of k**3 + 2*k**2 + k - 1. What is the remainder when 46 is divided by w(n)?
14
Suppose -5*o + 1 = -5*y + 236, 57 = y - 3*o. Suppose -2*v - 3*v = -55. Calculate the remainder when y is divided by v.
9
Suppose -5*i - 1 = -2*u, 3*u + u + 4*i = 44. What is the remainder when ((-11)/33)/((-2)/222) is divided by u?
5
Let l be 0 - 1 - (8 - 7). Calculate the remainder when (-50)/(-4) - (-3)/l is divided by 7.
4
Suppose -6*h + 3*h = -6. Let l = h + 4. Suppose -b - 4*f - l = b, -2*b = 5*f + 11. Calculate the remainder when 19 is divided by b.
5
Suppose 24 = 9*j - 5*j. Calculate the remainder when 9 is divided by j.
3
Let u be (4/(-5))/(2/(-265)). Let n be u/(-22) + (-4)/22. Calculate the remainder when 11 is divided by n*(36/15)/(-2).
5
Suppose -4*y - 2*j = -150, -3 = -6*j + 5*j. Suppose 0 = 5*l - 3*l - y. Let k(c) = -c**2 + 6*c + 5. What is the remainder when l is divided by k(5)?
8
Let c be 106*((-1)/(-1) - -1). Suppose c = 3*n + n. Calculate the remainder when n is divided by 18.
17
Suppose -5 = -5*p - 30. Let k be -3 - p - 1*-2. Let f = -2 + k. What is the remainder when 2 is divided by f?
0
Let p(f) = -f**2 + 6*f - 2. Let j be p(4). Suppose -12 = a + j*y - 2*y, -2*y + 4 = 3*a. Calculate the remainder when a is divided by 2.
0
Let f(r) = -r**3 + 6*r**2 + 8*r + 14. What is the remainder when 41 is divided by f(7)?
20
Suppose -4*r = -6*r + 4. Let k = 5 - 1. Suppose 4*j - 2*t = 94, -k*j - r*t = j - 104. What is the remainder when j is divided by 12?
10
Let t(m) = -3*m - 12. Let y(k) = k + 3. Let w(a) = 4*t(a) + 15*y(a). Let l = -13 - -24. Calculate the remainder when w(8) is divided by l.
10
Suppose 3*p = -4*n + 36, 6*p - 3*p = 12. Let d = -4 + n. Suppose 0 = y - 7 - d. What is the remainder when y is divided by 5?
4
Let n(u) = 22*u + 2. Calculate the remainder when n(3) is divided by 14.
12
Suppose -4*w + 5*j = -38, w + 3 = 2*w + 2*j. Calculate the remainder when w is divided by 4.
3
Let n(y) = y**2 + 13*y + 7. Let w be n(-13). Let b(v) = v + 1. What is the remainder when 28 is divided by b(w)?
4
Suppose -5*t - 5*b + 6*b + 33 = 0, -3*b + 21 = 5*t. Suppose -14 - t = -c. Suppose 3*w - 22 = 11. Calculate the remainder when c is divided by w.
9
Let r(x) = 7*x. Let m be r(1). Suppose -m*d = -4*d - 33. Calculate the remainder when 19 is divided by d.
8
Let r = -12 - -17. Calculate the remainder when 16 is divided by r.
1
Suppose 6 = 2*w - 4. Suppose 4*x + 4 = 0, -v - w*x + 25 - 7 = 0. Let r(t) = t**3 + 11*t**2 + 3*t - 2. Calculate the remainder when r(-10) is divided by v.
22
Let y(i) = i**2 - 5*i. Let g be y(6). Let t = -4 + g. Calculate the remainder when (10/6)/(3/9) is divided by t.
1
Suppose 2*c = -x - 7, c + 3*x = -3*c - 11. Let n = -14 - -13. What is the remainder when 8 is divided by (-1 + n)/(2/c)?
3
Suppose 4*x - 19 = 41. Calculate the remainder when 29 is divided by x.
14
Let k(c) = -c**2 + 8*c + 5. Let y be k(8). Let v = 13 - y. What is the remainder when 30 is divided by v?
6
Suppose -6*h = -0*h - 150. Let r = 53 - h. Calculate the remainder when 53 is divided by r.
25
Suppose 0 = -q + 2 + 3. Suppose 0 = -4*x - q*d + 22, 0 = -d - 0 + 2. What is the remainder when x is divided by 1?
0
Suppose -5*r + 0*y + y - 3 = 0, 1 = -5*r + 2*y. What is the remainder when r/(-6) - (-369)/54 is divided by 3?
1
Let m(o) = o - 1. Let p be m(5). Suppose 2*g = 3*g - 228. Suppose 272 = 5*l - 2*k - 0*k, -k = p*l - g. Calculate the remainder when l is divided by 19.
18
Let t(s) = -5*s. Suppose 2*p - 2*y - 20 = 2*y, -5*p - y = -6. Suppose 4*k = 2*j + k - 46, 2*j = -p*k + 66. Calculate the remainder when j is divided by t(-2).
9
Let v = 1 + 4. Suppose -6*y + 7 = -v*y. Calculate the remainder when 13 is divided by y.
6
Let r be ((-3)/4)/((-9)/24). Suppose v = 3*v + 3*y - 28, 0 = -4*v - r*y + 64. Calculate the remainder when (2 - 1)*(50 + 0) is divided by v.
16
Suppose -5*o + 2*v + 77 = 17, -v + 24 = 2*o. Suppose 4*l - o = -4*i + 24, 0 = 2*i - 3*l - 33. Calculate the remainder when 46 is divided by i.
10
Suppose 15 - 4 = z. Let x = z + -6. Let o = 7 - 5. What is the remainder when x is divided by o?
1
Suppose -4*k + 209 = 5*b, 0*b + k = 4*b - 184. Suppose -2*y + 3*r - 2*r + 27 = 0, 3*r - 15 = 0. What is the remainder when b is divided by y?
13
Calculate the remainder when 107 is divided by (-57)/(-2) + 3/(-2).
26
Suppose -5*m + 2*m - f = -74, 18 = m - f. Let n(a) = a**3 - 13*a**2 + 14*a - 13. Let d be n(12). Let j = m - d. Calculate the remainder when 33 is divided by j.
9
What is the remainder when 119 is divided by (-148)/(-5) - -1*(-4)/(-10)?
29
Suppose 0 = 5*i + 4*j + 10, 7 = -2*i - 4*j - 9. What is the remainder when 5 is divided by i?
1
Let p(b) = 6*b - 3 + 2*b**2 - 4*b**2 + 0 + 3*b**2. Let d be p(-7). Suppose 2*m = 2*f + 52, m - 175 = -4*m - d*f. Calculate the remainder when m is divided by 8.
7
Suppose -2*i + 18 = 3*d, 5*i = -5*d + 3*i + 30. Calculate the remainder when 16 is divided by d.
4
Let b = -75 - -12. Suppose -2*m + 42 = -2*i + 14, i - 2*m + 9 = 0. Let v = i - b. Calculate the remainder when v is divided by 15.
14
Suppose -5 = 6*d - 59. What is the remainder when 41 is divided by d?
5
Let j(r) = r**2 - r - 8. What is the remainder when j(-6) is divided by 18?
16
Suppose 30 = -0*l + 2*l. Let s = 0 - -44. Calculate the remainder when s is divided by l.
14
Let r be (-3)/(4 + -1)*-11. Suppose r = 4*z - 17. What is the remainder when 19 is divided by z?
5
Suppose 3*c - 25 = -2*c. Suppose 0 = c*s + 16 - 66. Calculate the remainder when s is divided by ((-6)/2)/(6/(-8)).
2
Let x = -4 - -15. Suppose 0 = 3*h + h - 64. What is the remainder when h is divided by x + (-2 - (-3 + 3))?
7
Suppose a - 5*y - 20 = -a, -a + 8 = -3*y. Suppose 61*w = 66*w - 395. What is the remainder when w is divided by a?
19
Let c(g) = -g**3 - 8*g**2 + 7. Suppose 12 = -4*x - 20. Calculate the remainder when c(x) is divided by 2.
1
Let i = 12 + -9. Suppose -5*r - 12 = 3*x, -5*x - 5*r = -i*x + 13. Calculate the remainder when 2 is divided by x.
0
Let n = 4 - 6. Let z be (-5 + 5)*2/n. What is the remainder when 37 is divided by 15 + (-2 - 0) + z?
11
Let t be ((-164)/(-8))/((-1)/(-2)). Let h = -28 + t. Calculate the remainder when 25 is divided by h.
12
Let o(q) = -4*q**2 + 5*q - 1. Let k(v) = v**2 + v - 1. Let j(w) = 3*k(w) + o(w). Calculate the remainder when 42 is divided by j(5).
9
Let u = 7 + -7. Suppose 4*d - 51 - 13 = u. What is the remainder when 31 is divided by d?
15
Suppose 4*v = -0*v + 48. What is the remainder when 23 is divided by v?
11
Suppose -40*l = -46*l + 174. Calculate the remainder when 114 is divided by l.
27
Let c = 4 - 1. Let z(v) = v**2 - 2*v + 3. Let k = 20 + -10. C